the remainder when 207479 is divided by 50729?
4563
What is the remainder when 5739495 is divided by 92572?
31
What is the remainder when 50391 is divided by 560?
551
Calculate the remainder when 14504988 is divided by 4834989.
21
Calculate the remainder when 8076921 is divided by 118778.
17
Calculate the remainder when 15949 is divided by 14044.
1905
What is the remainder when 49995614 is divided by 173?
171
What is the remainder when 965115359 is divided by 764?
763
Calculate the remainder when 710035 is divided by 177478.
123
What is the remainder when 3748417 is divided by 130?
127
What is the remainder when 2402102 is divided by 11833?
3
What is the remainder when 171143417 is divided by 14?
11
Calculate the remainder when 2362735 is divided by 627.
199
Calculate the remainder when 62106 is divided by 28551.
5004
What is the remainder when 8111756 is divided by 1598?
308
What is the remainder when 10597770 is divided by 105?
15
Calculate the remainder when 15600560 is divided by 1040037.
5
What is the remainder when 6290412 is divided by 13441?
24
What is the remainder when 30690301 is divided by 544?
541
Calculate the remainder when 1012734 is divided by 1451.
1387
What is the remainder when 7113 is divided by 3110?
893
Calculate the remainder when 9473621 is divided by 35.
31
What is the remainder when 200921 is divided by 355?
346
What is the remainder when 66614 is divided by 5926?
1428
Calculate the remainder when 375507790 is divided by 456.
454
What is the remainder when 3072477 is divided by 296?
293
Calculate the remainder when 52932490 is divided by 68.
66
What is the remainder when 35805557 is divided by 225192?
29
What is the remainder when 22551527 is divided by 15?
2
Calculate the remainder when 22807219 is divided by 108.
103
What is the remainder when 66934 is divided by 61598?
5336
Calculate the remainder when 150681462 is divided by 14.
8
Calculate the remainder when 5513169 is divided by 152.
129
What is the remainder when 104349 is divided by 3897?
3027
Calculate the remainder when 69820248 is divided by 528941.
36
Calculate the remainder when 6954693 is divided by 1747.
1633
What is the remainder when 43061187 is divided by 1514?
1513
Calculate the remainder when 18387357 is divided by 144.
141
Calculate the remainder when 4892557 is divided by 326170.
7
Calculate the remainder when 1913852 is divided by 192.
188
Calculate the remainder when 368063 is divided by 331.
322
Calculate the remainder when 8464838 is divided by 2014.
2010
What is the remainder when 101590 is divided by 156?
34
What is the remainder when 6849985 is divided by 2283215?
340
What is the remainder when 1086268 is divided by 2023?
1940
Calculate the remainder when 78260008 is divided by 45500.
8
What is the remainder when 830171 is divided by 63852?
95
Calculate the remainder when 122453196 is divided by 354.
348
Calculate the remainder when 58614997 is divided by 13.
12
What is the remainder when 9024026 is divided by 61?
52
What is the remainder when 54196456 is divided by 125165?
11
What is the remainder when 1016428 is divided by 508050?
328
Calculate the remainder when 823277221 is divided by 1978.
1973
What is the remainder when 18056 is divided by 8912?
232
What is the remainder when 61163 is divided by 29046?
3071
What is the remainder when 51947806 is divided by 1056?
1054
Calculate the remainder when 11719308 is divided by 17623.
13
Calculate the remainder when 7362968 is divided by 306.
302
What is the remainder when 76366 is divided by 18966?
502
What is the remainder when 884151 is divided by 579?
18
What is the remainder when 481596 is divided by 17?
3
Calculate the remainder when 11920865 is divided by 413.
33
Calculate the remainder when 95281 is divided by 95271.
10
What is the remainder when 509903 is divided by 1841?
1787
Calculate the remainder when 71842907 is divided by 99.
92
Calculate the remainder when 106135 is divided by 66.
7
What is the remainder when 5126 is divided by 1662?
140
What is the remainder when 31994339 is divided by 2658?
2651
What is the remainder when 16603193 is divided by 23?
22
Calculate the remainder when 139299 is divided by 181.
110
What is the remainder when 669823 is divided by 133796?
843
Calculate the remainder when 66791 is divided by 3121.
1250
Calculate the remainder when 1048674 is divided by 349557.
3
What is the remainder when 407478 is divided by 203738?
2
Calculate the remainder when 3797984 is divided by 463.
458
What is the remainder when 17269549 is divided by 34?
31
Calculate the remainder when 257272 is divided by 49848.
8032
What is the remainder when 8182045 is divided by 150?
145
What is the remainder when 405317137 is divided by 860?
857
What is the remainder when 2828055 is divided by 1289?
1278
Calculate the remainder when 262264 is divided by 131048.
168
What is the remainder when 35719524 is divided by 61059?
9
Calculate the remainder when 13811744 is divided by 4603905.
29
What is the remainder when 1627183 is divided by 899?
892
Calculate the remainder when 14932 is divided by 36.
28
Calculate the remainder when 82257916 is divided by 7.
6
Calculate the remainder when 25454753 is divided by 1803.
1802
Calculate the remainder when 296825234 is divided by 68.
66
Calculate the remainder when 1799817 is divided by 449826.
513
Calculate the remainder when 573703 is divided by 3279.
3157
What is the remainder when 5188019 is divided by 324249?
35
Calculate the remainder when 65973623 is divided by 12.
11
What is the remainder when 56934 is divided by 18849?
387
What is the remainder when 1907 is divided by 1182?
725
What is the remainder when 277090 is divided by 404?
350
Calculate the remainder when 364911945 is divided by 171.
168
Calculate the remainder when 882987 is divided by 248.
107
What is the remainder when 3695702 is divided by 12197?
11
What is the remainder when 6438109 is divided by 168?
13
Calculate the remainder when 170461714 is divided by 113.
84
What is the remainder when 14618953 is divided by 3591?
3583
What is the remainder when 585825 is divided by 92?
61
Calculate the remainder when 2476040 is divided by 134.
122
What is the remainder when 6715684 is divided by 14?
10
What is the remainder when 17063915 is divided by 1907?
79
What is the remainder when 194784 is divided by 362?
28
What is the remainder when 15007906 is divided by 546?
4
Calculate the remainder when 2409056 is divided by 258.
110
Calculate the remainder when 17557 is divided by 807.
610
What is the remainder when 376806649 is divided by 741?
739
Calculate the remainder when 139431610 is divided by 4.
2
What is the remainder when 4904861 is divided by 23136?
29
What is the remainder when 32866253 is divided by 57?
53
What is the remainder when 12546 is divided by 804?
486
Calculate the remainder when 102328 is divided by 6820.
28
What is the remainder when 1201769 is divided by 400550?
119
Calculate the remainder when 168461 is divided by 3511.
3444
Calculate the remainder when 179819576 is divided by 16.
8
What is the remainder when 48961 is divided by 1835?
1251
What is the remainder when 3983841 is divided by 1047?
6
Calculate the remainder when 865104 is divided by 173.
104
Calculate the remainder when 138581 is divided by 17246.
613
Calculate the remainder when 2796176 is divided by 22.
20
Calculate the remainder when 3898139 is divided by 945.
14
What is the remainder when 19093100 is divided by 170474?
12
What is the remainder when 236871 is divided by 59197?
83
What is the remainder when 239525 is divided by 14042?
811
Calculate the remainder when 260485 is divided by 37209.
22
What is the remainder when 3143006 is divided by 301?
265
Calculate the remainder when 3619844 is divided by 603285.
134
What is the remainder when 905365 is divided by 60356?
25
Calculate the remainder when 148098 is divided by 421.
327
Calculate the remainder when 1449001 is divided by 284.
33
Calculate the remainder when 745138 is divided by 458.
430
Calculate the remainder when 743709131 is divided by 281708.
11
Calculate the remainder when 3542052 is divided by 3030.
3012
Calculate the remainder when 886622 is divided by 2876.
814
Calculate the remainder when 13716137 is divided by 816.
809
What is